{"id":788,"date":"2025-03-04T08:07:10","date_gmt":"2025-03-04T08:07:10","guid":{"rendered":"https:\/\/gastrokompass.ch\/?page_id=788"},"modified":"2025-05-03T12:18:08","modified_gmt":"2025-05-03T12:18:08","slug":"personal-administration-effiziente-loesungen-fuer-ihre-gastronomie","status":"publish","type":"page","link":"https:\/\/gastrokompass.ch\/index.php\/personal-administration-effiziente-loesungen-fuer-ihre-gastronomie\/","title":{"rendered":"Personal"},"content":{"rendered":"\t\t<div data-elementor-type=\"wp-page\" data-elementor-id=\"788\" class=\"elementor elementor-788\" data-elementor-post-type=\"page\">\n\t\t\t\t<div class=\"elementor-element elementor-element-51bf190 e-flex e-con-boxed e-con e-parent\" data-id=\"51bf190\" data-element_type=\"container\">\n\t\t\t\t\t<div class=\"e-con-inner\">\n\t\t<div class=\"elementor-element elementor-element-fcde628 e-con-full e-flex e-con e-child\" data-id=\"fcde628\" data-element_type=\"container\">\n\t\t\t\t<div class=\"elementor-element elementor-element-ca7b095 elementor-widget elementor-widget-image\" data-id=\"ca7b095\" data-element_type=\"widget\" data-widget_type=\"image.default\">\n\t\t\t\t<div class=\"elementor-widget-container\">\n\t\t\t\t\t\t\t\t\t\t\t\t\t\t\t<img fetchpriority=\"high\" decoding=\"async\" width=\"800\" height=\"800\" src=\"https:\/\/gastrokompass.ch\/wp-content\/uploads\/2025\/05\/Team-min-1024x1024.webp\" class=\"attachment-large size-large wp-image-1099 not-transparent\" alt=\"Eine Gruppe von vier Personen in einem Restaurant. Zwei Personen tragen gr\u00fcne Anz\u00fcge und halten Notizb\u00fccher, eine Person tr\u00e4gt eine Sch\u00fcrze und h\u00e4lt ein Smartphone, und eine Person sitzt an einem Tisch und arbeitet an einem Laptop. Personal &amp; Administration Gastronomie\" srcset=\"https:\/\/gastrokompass.ch\/wp-content\/uploads\/2025\/05\/Team-min-1024x1024.webp 1024w, https:\/\/gastrokompass.ch\/wp-content\/uploads\/2025\/05\/Team-min-300x300.webp 300w, https:\/\/gastrokompass.ch\/wp-content\/uploads\/2025\/05\/Team-min-150x150.webp 150w, https:\/\/gastrokompass.ch\/wp-content\/uploads\/2025\/05\/Team-min-768x768.webp 768w, https:\/\/gastrokompass.ch\/wp-content\/uploads\/2025\/05\/Team-min-1536x1536.webp 1536w, https:\/\/gastrokompass.ch\/wp-content\/uploads\/2025\/05\/Team-min.webp 2048w\" sizes=\"(max-width: 800px) 100vw, 800px\" data-has-transparency=\"false\" data-dominant-color=\"413e31\" style=\"--dominant-color: #413e31\" \/>\t\t\t\t\t\t\t\t\t\t\t\t\t\t\t<\/div>\n\t\t\t\t<\/div>\n\t\t\t\t<\/div>\n\t\t<div class=\"elementor-element elementor-element-1af7f96 e-con-full e-flex e-con e-child\" data-id=\"1af7f96\" data-element_type=\"container\">\n\t\t\t\t<div class=\"elementor-element elementor-element-c88c354 elementor-widget elementor-widget-heading\" data-id=\"c88c354\" data-element_type=\"widget\" data-widget_type=\"heading.default\">\n\t\t\t\t<div class=\"elementor-widget-container\">\n\t\t\t\t\t<h1 class=\"elementor-heading-title elementor-size-default\">Effizienz f\u00fcr Gastronomie<\/h1>\t\t\t\t<\/div>\n\t\t\t\t<\/div>\n\t\t\t\t<div class=\"elementor-element elementor-element-94f1cd6 elementor-widget elementor-widget-text-editor\" data-id=\"94f1cd6\" data-element_type=\"widget\" data-widget_type=\"text-editor.default\">\n\t\t\t\t<div class=\"elementor-widget-container\">\n\t\t\t\t\t\t\t\t\t<p data-start=\"96\" data-end=\"442\">In der Gastronomie sind reibungslose Abl\u00e4ufe entscheidend \u2013 nicht nur in der K\u00fcche, sondern auch bei der Personalverwaltung und Administration. <span style=\"color: #c2a671;\"><strong data-start=\"240\" data-end=\"258\">gastrokompass<\/strong> <\/span>entlastet Sie von zeitintensiven B\u00fcrot\u00e4tigkeiten und sorgt daf\u00fcr, dass alle Prozesse rechtskonform und transparent ablaufen. So gewinnen Sie mehr Zeit f\u00fcr das Wesentliche: Ihre G\u00e4ste.<\/p>\t\t\t\t\t\t\t\t<\/div>\n\t\t\t\t<\/div>\n\t\t\t\t<div class=\"elementor-element elementor-element-49ac663 elementor-widget elementor-widget-heading\" data-id=\"49ac663\" data-element_type=\"widget\" data-widget_type=\"heading.default\">\n\t\t\t\t<div class=\"elementor-widget-container\">\n\t\t\t\t\t<h2 class=\"elementor-heading-title elementor-size-default\">Unsere Leistungen<\/h2>\t\t\t\t<\/div>\n\t\t\t\t<\/div>\n\t\t\t\t<div class=\"elementor-element elementor-element-a080c86 elementor-widget elementor-widget-text-editor\" data-id=\"a080c86\" data-element_type=\"widget\" data-widget_type=\"text-editor.default\">\n\t\t\t\t<div class=\"elementor-widget-container\">\n\t\t\t\t\t\t\t\t\t<p><strong data-start=\"486\" data-end=\"530\">Lohnbuchhaltung &amp; Personaladministration<\/strong><br data-start=\"530\" data-end=\"533\" \/>Lohnabrechnungen, Quellensteuerverwaltung und Sozialversicherungen \u2013 alles aus einer Hand.<\/p>\t\t\t\t\t\t\t\t<\/div>\n\t\t\t\t<\/div>\n\t\t\t\t<div class=\"elementor-element elementor-element-a83757b elementor-widget elementor-widget-text-editor\" data-id=\"a83757b\" data-element_type=\"widget\" data-widget_type=\"text-editor.default\">\n\t\t\t\t<div class=\"elementor-widget-container\">\n\t\t\t\t\t\t\t\t\t<p><strong data-start=\"648\" data-end=\"690\">Mitarbeitervertr\u00e4ge &amp; HR-Dokumentation<\/strong><br data-start=\"690\" data-end=\"693\" \/>Erstellung und Pr\u00fcfung von Arbeitsvertr\u00e4gen, Arbeitszeugnissen und allen relevanten Unterlagen.<\/p>\t\t\t\t\t\t\t\t<\/div>\n\t\t\t\t<\/div>\n\t\t\t\t<div class=\"elementor-element elementor-element-99cb9d9 elementor-widget elementor-widget-text-editor\" data-id=\"99cb9d9\" data-element_type=\"widget\" data-widget_type=\"text-editor.default\">\n\t\t\t\t<div class=\"elementor-widget-container\">\n\t\t\t\t\t\t\t\t\t<p><strong data-start=\"795\" data-end=\"831\">Abwesenheitsmanagement<\/strong><br data-start=\"831\" data-end=\"834\" \/>\u00dcbersichtliche Verwaltung von Arbeitszeiten, Ferien und Krankmeldungen.<\/p>\t\t\t\t\t\t\t\t<\/div>\n\t\t\t\t<\/div>\n\t\t\t\t<div class=\"elementor-element elementor-element-90e35d9 elementor-widget elementor-widget-text-editor\" data-id=\"90e35d9\" data-element_type=\"widget\" data-widget_type=\"text-editor.default\">\n\t\t\t\t<div class=\"elementor-widget-container\">\n\t\t\t\t\t\t\t\t\t<p><strong data-start=\"912\" data-end=\"949\">Mitarbeiterbetreuung &amp; Onboarding<\/strong><br data-start=\"949\" data-end=\"952\" \/>Unterst\u00fctzung bei Rekrutierung, Einarbeitung und Betreuung Ihrer Mitarbeitenden.<\/p>\t\t\t\t\t\t\t\t<\/div>\n\t\t\t\t<\/div>\n\t\t\t\t<div class=\"elementor-element elementor-element-47ef8ea elementor-widget elementor-widget-text-editor\" data-id=\"47ef8ea\" data-element_type=\"widget\" data-widget_type=\"text-editor.default\">\n\t\t\t\t<div class=\"elementor-widget-container\">\n\t\t\t\t\t\t\t\t\t<p><strong data-start=\"1039\" data-end=\"1068\">Administrative Entlastung<\/strong><br data-start=\"1068\" data-end=\"1071\" \/>Von der Dokumentenverwaltung bis zur beh\u00f6rdlichen Korrespondenz \u2013 wir \u00fcbernehmen die B\u00fcrokratie f\u00fcr Sie.<\/p>\t\t\t\t\t\t\t\t<\/div>\n\t\t\t\t<\/div>\n\t\t\t\t<\/div>\n\t\t\t\t\t<\/div>\n\t\t\t\t<\/div>\n\t\t\t\t<\/div>\n\t\t","protected":false},"excerpt":{"rendered":"<p>Effizienz f\u00fcr Gastronomie In der Gastronomie sind reibungslose Abl\u00e4ufe entscheidend \u2013 nicht nur in der K\u00fcche, sondern auch bei der Personalverwaltung und Administration. gastrokompass entlastet Sie von zeitintensiven B\u00fcrot\u00e4tigkeiten und sorgt daf\u00fcr, dass alle Prozesse rechtskonform und transparent ablaufen. So gewinnen Sie mehr Zeit f\u00fcr das Wesentliche: Ihre G\u00e4ste. Unsere Leistungen Lohnbuchhaltung &amp; PersonaladministrationLohnabrechnungen, Quellensteuerverwaltung [&hellip;]<\/p>\n","protected":false},"author":1,"featured_media":0,"parent":0,"menu_order":0,"comment_status":"closed","ping_status":"closed","template":"","meta":{"footnotes":""},"class_list":["post-788","page","type-page","status-publish","hentry"],"yoast_head":"<!-- This site is optimized with the Yoast SEO plugin v25.0 - https:\/\/yoast.com\/wordpress\/plugins\/seo\/ -->\n<title>Personal &amp; Administration Gastronomie | gastrokompass<\/title>\n<meta name=\"description\" content=\"Professionelle Personalverwaltung f\u00fcr die Gastronomie: Lohnbuchhaltung, Vertr\u00e4ge, Onboarding. Gewinnen Sie mehr Zeit f\u00fcr Ihre G\u00e4ste.\" \/>\n<meta name=\"robots\" content=\"index, follow, max-snippet:-1, max-image-preview:large, max-video-preview:-1\" \/>\n<link rel=\"canonical\" href=\"https:\/\/gastrokompass.ch\/index.php\/personal-administration-effiziente-loesungen-fuer-ihre-gastronomie\/\" \/>\n<meta property=\"og:locale\" content=\"de_DE\" \/>\n<meta property=\"og:type\" content=\"article\" \/>\n<meta property=\"og:title\" content=\"Personal &amp; Administration Gastronomie | gastrokompass\" \/>\n<meta property=\"og:description\" content=\"Professionelle Personalverwaltung f\u00fcr die Gastronomie: Lohnbuchhaltung, Vertr\u00e4ge, Onboarding. Gewinnen Sie mehr Zeit f\u00fcr Ihre G\u00e4ste.\" \/>\n<meta property=\"og:url\" content=\"https:\/\/gastrokompass.ch\/index.php\/personal-administration-effiziente-loesungen-fuer-ihre-gastronomie\/\" \/>\n<meta property=\"og:site_name\" content=\"Gastrokompass\" \/>\n<meta property=\"article:publisher\" content=\"https:\/\/www.facebook.com\/profile.php?id=61573546676815\" \/>\n<meta property=\"article:modified_time\" content=\"2025-05-03T12:18:08+00:00\" \/>\n<meta property=\"og:image\" content=\"https:\/\/gastrokompass.ch\/wp-content\/uploads\/2025\/05\/Team-min.webp\" \/>\n\t<meta property=\"og:image:width\" content=\"2048\" \/>\n\t<meta property=\"og:image:height\" content=\"2048\" \/>\n\t<meta property=\"og:image:type\" content=\"image\/jpeg\" \/>\n<meta name=\"twitter:card\" content=\"summary_large_image\" \/>\n<meta name=\"twitter:label1\" content=\"Gesch\u00e4tzte Lesezeit\" \/>\n\t<meta name=\"twitter:data1\" content=\"1\u00a0Minute\" \/>\n<script type=\"application\/ld+json\" class=\"yoast-schema-graph\">{\"@context\":\"https:\/\/schema.org\",\"@graph\":[{\"@type\":\"WebPage\",\"@id\":\"https:\/\/gastrokompass.ch\/index.php\/personal-administration-effiziente-loesungen-fuer-ihre-gastronomie\/\",\"url\":\"https:\/\/gastrokompass.ch\/index.php\/personal-administration-effiziente-loesungen-fuer-ihre-gastronomie\/\",\"name\":\"Personal & Administration Gastronomie | gastrokompass\",\"isPartOf\":{\"@id\":\"https:\/\/gastrokompass.ch\/#website\"},\"primaryImageOfPage\":{\"@id\":\"https:\/\/gastrokompass.ch\/index.php\/personal-administration-effiziente-loesungen-fuer-ihre-gastronomie\/#primaryimage\"},\"image\":{\"@id\":\"https:\/\/gastrokompass.ch\/index.php\/personal-administration-effiziente-loesungen-fuer-ihre-gastronomie\/#primaryimage\"},\"thumbnailUrl\":\"https:\/\/gastrokompass.ch\/wp-content\/uploads\/2025\/05\/Team-min-1024x1024.webp\",\"datePublished\":\"2025-03-04T08:07:10+00:00\",\"dateModified\":\"2025-05-03T12:18:08+00:00\",\"description\":\"Professionelle Personalverwaltung f\u00fcr die Gastronomie: Lohnbuchhaltung, Vertr\u00e4ge, Onboarding. Gewinnen Sie mehr Zeit f\u00fcr Ihre G\u00e4ste.\",\"breadcrumb\":{\"@id\":\"https:\/\/gastrokompass.ch\/index.php\/personal-administration-effiziente-loesungen-fuer-ihre-gastronomie\/#breadcrumb\"},\"inLanguage\":\"de\",\"potentialAction\":[{\"@type\":\"ReadAction\",\"target\":[\"https:\/\/gastrokompass.ch\/index.php\/personal-administration-effiziente-loesungen-fuer-ihre-gastronomie\/\"]}]},{\"@type\":\"ImageObject\",\"inLanguage\":\"de\",\"@id\":\"https:\/\/gastrokompass.ch\/index.php\/personal-administration-effiziente-loesungen-fuer-ihre-gastronomie\/#primaryimage\",\"url\":\"https:\/\/gastrokompass.ch\/wp-content\/uploads\/2025\/05\/Team-min.webp\",\"contentUrl\":\"https:\/\/gastrokompass.ch\/wp-content\/uploads\/2025\/05\/Team-min.webp\",\"width\":2048,\"height\":2048,\"caption\":\"Mitarbeiterbesprechung im Restaurant\"},{\"@type\":\"BreadcrumbList\",\"@id\":\"https:\/\/gastrokompass.ch\/index.php\/personal-administration-effiziente-loesungen-fuer-ihre-gastronomie\/#breadcrumb\",\"itemListElement\":[{\"@type\":\"ListItem\",\"position\":1,\"name\":\"Startseite\",\"item\":\"https:\/\/gastrokompass.ch\/\"},{\"@type\":\"ListItem\",\"position\":2,\"name\":\"Personal\"}]},{\"@type\":\"WebSite\",\"@id\":\"https:\/\/gastrokompass.ch\/#website\",\"url\":\"https:\/\/gastrokompass.ch\/\",\"name\":\"gastrokompass\",\"description\":\"Dein Partner auf dem Weg zur erfolgreichen Gastronomie\",\"publisher\":{\"@id\":\"https:\/\/gastrokompass.ch\/#organization\"},\"potentialAction\":[{\"@type\":\"SearchAction\",\"target\":{\"@type\":\"EntryPoint\",\"urlTemplate\":\"https:\/\/gastrokompass.ch\/?s={search_term_string}\"},\"query-input\":{\"@type\":\"PropertyValueSpecification\",\"valueRequired\":true,\"valueName\":\"search_term_string\"}}],\"inLanguage\":\"de\"},{\"@type\":\"Organization\",\"@id\":\"https:\/\/gastrokompass.ch\/#organization\",\"name\":\"gastrokompass\",\"url\":\"https:\/\/gastrokompass.ch\/\",\"logo\":{\"@type\":\"ImageObject\",\"inLanguage\":\"de\",\"@id\":\"https:\/\/gastrokompass.ch\/#\/schema\/logo\/image\/\",\"url\":\"https:\/\/gastrokompass.ch\/wp-content\/uploads\/2025\/02\/Logo-white_homepage.webp\",\"contentUrl\":\"https:\/\/gastrokompass.ch\/wp-content\/uploads\/2025\/02\/Logo-white_homepage.webp\",\"width\":300,\"height\":100,\"caption\":\"gastrokompass\"},\"image\":{\"@id\":\"https:\/\/gastrokompass.ch\/#\/schema\/logo\/image\/\"},\"sameAs\":[\"https:\/\/www.facebook.com\/profile.php?id=61573546676815\"]}]}<\/script>\n<!-- \/ Yoast SEO plugin. -->","yoast_head_json":{"title":"Personal & Administration Gastronomie | gastrokompass","description":"Professionelle Personalverwaltung f\u00fcr die Gastronomie: Lohnbuchhaltung, Vertr\u00e4ge, Onboarding. Gewinnen Sie mehr Zeit f\u00fcr Ihre G\u00e4ste.","robots":{"index":"index","follow":"follow","max-snippet":"max-snippet:-1","max-image-preview":"max-image-preview:large","max-video-preview":"max-video-preview:-1"},"canonical":"https:\/\/gastrokompass.ch\/index.php\/personal-administration-effiziente-loesungen-fuer-ihre-gastronomie\/","og_locale":"de_DE","og_type":"article","og_title":"Personal & Administration Gastronomie | gastrokompass","og_description":"Professionelle Personalverwaltung f\u00fcr die Gastronomie: Lohnbuchhaltung, Vertr\u00e4ge, Onboarding. Gewinnen Sie mehr Zeit f\u00fcr Ihre G\u00e4ste.","og_url":"https:\/\/gastrokompass.ch\/index.php\/personal-administration-effiziente-loesungen-fuer-ihre-gastronomie\/","og_site_name":"Gastrokompass","article_publisher":"https:\/\/www.facebook.com\/profile.php?id=61573546676815","article_modified_time":"2025-05-03T12:18:08+00:00","og_image":[{"width":2048,"height":2048,"url":"https:\/\/gastrokompass.ch\/wp-content\/uploads\/2025\/05\/Team-min.webp","type":"image\/jpeg"}],"twitter_card":"summary_large_image","twitter_misc":{"Gesch\u00e4tzte Lesezeit":"1\u00a0Minute"},"schema":{"@context":"https:\/\/schema.org","@graph":[{"@type":"WebPage","@id":"https:\/\/gastrokompass.ch\/index.php\/personal-administration-effiziente-loesungen-fuer-ihre-gastronomie\/","url":"https:\/\/gastrokompass.ch\/index.php\/personal-administration-effiziente-loesungen-fuer-ihre-gastronomie\/","name":"Personal & Administration Gastronomie | gastrokompass","isPartOf":{"@id":"https:\/\/gastrokompass.ch\/#website"},"primaryImageOfPage":{"@id":"https:\/\/gastrokompass.ch\/index.php\/personal-administration-effiziente-loesungen-fuer-ihre-gastronomie\/#primaryimage"},"image":{"@id":"https:\/\/gastrokompass.ch\/index.php\/personal-administration-effiziente-loesungen-fuer-ihre-gastronomie\/#primaryimage"},"thumbnailUrl":"https:\/\/gastrokompass.ch\/wp-content\/uploads\/2025\/05\/Team-min-1024x1024.webp","datePublished":"2025-03-04T08:07:10+00:00","dateModified":"2025-05-03T12:18:08+00:00","description":"Professionelle Personalverwaltung f\u00fcr die Gastronomie: Lohnbuchhaltung, Vertr\u00e4ge, Onboarding. Gewinnen Sie mehr Zeit f\u00fcr Ihre G\u00e4ste.","breadcrumb":{"@id":"https:\/\/gastrokompass.ch\/index.php\/personal-administration-effiziente-loesungen-fuer-ihre-gastronomie\/#breadcrumb"},"inLanguage":"de","potentialAction":[{"@type":"ReadAction","target":["https:\/\/gastrokompass.ch\/index.php\/personal-administration-effiziente-loesungen-fuer-ihre-gastronomie\/"]}]},{"@type":"ImageObject","inLanguage":"de","@id":"https:\/\/gastrokompass.ch\/index.php\/personal-administration-effiziente-loesungen-fuer-ihre-gastronomie\/#primaryimage","url":"https:\/\/gastrokompass.ch\/wp-content\/uploads\/2025\/05\/Team-min.webp","contentUrl":"https:\/\/gastrokompass.ch\/wp-content\/uploads\/2025\/05\/Team-min.webp","width":2048,"height":2048,"caption":"Mitarbeiterbesprechung im Restaurant"},{"@type":"BreadcrumbList","@id":"https:\/\/gastrokompass.ch\/index.php\/personal-administration-effiziente-loesungen-fuer-ihre-gastronomie\/#breadcrumb","itemListElement":[{"@type":"ListItem","position":1,"name":"Startseite","item":"https:\/\/gastrokompass.ch\/"},{"@type":"ListItem","position":2,"name":"Personal"}]},{"@type":"WebSite","@id":"https:\/\/gastrokompass.ch\/#website","url":"https:\/\/gastrokompass.ch\/","name":"gastrokompass","description":"Dein Partner auf dem Weg zur erfolgreichen Gastronomie","publisher":{"@id":"https:\/\/gastrokompass.ch\/#organization"},"potentialAction":[{"@type":"SearchAction","target":{"@type":"EntryPoint","urlTemplate":"https:\/\/gastrokompass.ch\/?s={search_term_string}"},"query-input":{"@type":"PropertyValueSpecification","valueRequired":true,"valueName":"search_term_string"}}],"inLanguage":"de"},{"@type":"Organization","@id":"https:\/\/gastrokompass.ch\/#organization","name":"gastrokompass","url":"https:\/\/gastrokompass.ch\/","logo":{"@type":"ImageObject","inLanguage":"de","@id":"https:\/\/gastrokompass.ch\/#\/schema\/logo\/image\/","url":"https:\/\/gastrokompass.ch\/wp-content\/uploads\/2025\/02\/Logo-white_homepage.webp","contentUrl":"https:\/\/gastrokompass.ch\/wp-content\/uploads\/2025\/02\/Logo-white_homepage.webp","width":300,"height":100,"caption":"gastrokompass"},"image":{"@id":"https:\/\/gastrokompass.ch\/#\/schema\/logo\/image\/"},"sameAs":["https:\/\/www.facebook.com\/profile.php?id=61573546676815"]}]}},"_links":{"self":[{"href":"https:\/\/gastrokompass.ch\/index.php\/wp-json\/wp\/v2\/pages\/788","targetHints":{"allow":["GET"]}}],"collection":[{"href":"https:\/\/gastrokompass.ch\/index.php\/wp-json\/wp\/v2\/pages"}],"about":[{"href":"https:\/\/gastrokompass.ch\/index.php\/wp-json\/wp\/v2\/types\/page"}],"author":[{"embeddable":true,"href":"https:\/\/gastrokompass.ch\/index.php\/wp-json\/wp\/v2\/users\/1"}],"replies":[{"embeddable":true,"href":"https:\/\/gastrokompass.ch\/index.php\/wp-json\/wp\/v2\/comments?post=788"}],"version-history":[{"count":49,"href":"https:\/\/gastrokompass.ch\/index.php\/wp-json\/wp\/v2\/pages\/788\/revisions"}],"predecessor-version":[{"id":1312,"href":"https:\/\/gastrokompass.ch\/index.php\/wp-json\/wp\/v2\/pages\/788\/revisions\/1312"}],"wp:attachment":[{"href":"https:\/\/gastrokompass.ch\/index.php\/wp-json\/wp\/v2\/media?parent=788"}],"curies":[{"name":"wp","href":"https:\/\/api.w.org\/{rel}","templated":true}]}}