{"id":520,"date":"2025-02-20T18:46:10","date_gmt":"2025-02-20T18:46:10","guid":{"rendered":"https:\/\/gastrokompass.ch\/?page_id=520"},"modified":"2025-05-03T12:14:29","modified_gmt":"2025-05-03T12:14:29","slug":"impressum","status":"publish","type":"page","link":"https:\/\/gastrokompass.ch\/index.php\/impressum\/","title":{"rendered":"Impressum"},"content":{"rendered":"\t\t<div data-elementor-type=\"wp-page\" data-elementor-id=\"520\" class=\"elementor elementor-520\" data-elementor-post-type=\"page\">\n\t\t\t\t<div class=\"elementor-element elementor-element-c35bd03 e-flex e-con-boxed e-con e-parent\" data-id=\"c35bd03\" data-element_type=\"container\">\n\t\t\t\t\t<div class=\"e-con-inner\">\n\t\t\t\t<div class=\"elementor-element elementor-element-4fb0621 elementor-widget elementor-widget-heading\" data-id=\"4fb0621\" data-element_type=\"widget\" data-widget_type=\"heading.default\">\n\t\t\t\t<div class=\"elementor-widget-container\">\n\t\t\t\t\t<h1 class=\"elementor-heading-title elementor-size-default\">Impressum<\/h1>\t\t\t\t<\/div>\n\t\t\t\t<\/div>\n\t\t\t\t\t<\/div>\n\t\t\t\t<\/div>\n\t\t<div class=\"elementor-element elementor-element-2c6e661 e-flex e-con-boxed e-con e-parent\" data-id=\"2c6e661\" data-element_type=\"container\">\n\t\t\t\t\t<div class=\"e-con-inner\">\n\t\t\t\t<div class=\"elementor-element elementor-element-08e3964 elementor-widget elementor-widget-heading\" data-id=\"08e3964\" data-element_type=\"widget\" data-widget_type=\"heading.default\">\n\t\t\t\t<div class=\"elementor-widget-container\">\n\t\t\t\t\t<h2 class=\"elementor-heading-title elementor-size-default\">Kontakt:<\/h2>\t\t\t\t<\/div>\n\t\t\t\t<\/div>\n\t\t\t\t<div class=\"elementor-element elementor-element-0a3dc19 elementor-widget elementor-widget-text-editor\" data-id=\"0a3dc19\" data-element_type=\"widget\" data-widget_type=\"text-editor.default\">\n\t\t\t\t<div class=\"elementor-widget-container\">\n\t\t\t\t\t\t\t\t\t<p><strong><span style=\"color: #c2a671;\">gastrokompass<\/span><\/strong><br \/>c\/o OVP Partner GmbH<br \/>R\u00fceggsingerstrasse 5<br \/>CH-6020 Emmenbr\u00fccke<br \/>Telefon: +41 41 261 09 09<br \/>E-Mail: team@gastrokompass.ch<br \/>Web: www.gastrokompass.ch<\/p><p><b>Vertreten durch:<\/b><\/p><p>Maurizio Pileggi, Gesch\u00e4ftsinhaber OVP Partner GmbH<\/p>\t\t\t\t\t\t\t\t<\/div>\n\t\t\t\t<\/div>\n\t\t\t\t<div class=\"elementor-element elementor-element-ced7265 elementor-widget elementor-widget-heading\" data-id=\"ced7265\" data-element_type=\"widget\" data-widget_type=\"heading.default\">\n\t\t\t\t<div class=\"elementor-widget-container\">\n\t\t\t\t\t<h2 class=\"elementor-heading-title elementor-size-default\">Haftungsausschuss:<\/h2>\t\t\t\t<\/div>\n\t\t\t\t<\/div>\n\t\t\t\t<div class=\"elementor-element elementor-element-6a81392 elementor-widget elementor-widget-text-editor\" data-id=\"6a81392\" data-element_type=\"widget\" data-widget_type=\"text-editor.default\">\n\t\t\t\t<div class=\"elementor-widget-container\">\n\t\t\t\t\t\t\t\t\t<p>Die Inhalte dieser Website wurden mit gr\u00f6sster Sorgfalt erstellt. F\u00fcr die Richtigkeit, Vollst\u00e4ndigkeit und Aktualit\u00e4t der Inhalte \u00fcbernehmen wir jedoch keine Gew\u00e4hr.<\/p>\t\t\t\t\t\t\t\t<\/div>\n\t\t\t\t<\/div>\n\t\t\t\t<div class=\"elementor-element elementor-element-79a8bf9 elementor-widget elementor-widget-heading\" data-id=\"79a8bf9\" data-element_type=\"widget\" data-widget_type=\"heading.default\">\n\t\t\t\t<div class=\"elementor-widget-container\">\n\t\t\t\t\t<h2 class=\"elementor-heading-title elementor-size-default\">Urheberrecht:<\/h2>\t\t\t\t<\/div>\n\t\t\t\t<\/div>\n\t\t\t\t<div class=\"elementor-element elementor-element-b7d55be elementor-widget elementor-widget-text-editor\" data-id=\"b7d55be\" data-element_type=\"widget\" data-widget_type=\"text-editor.default\">\n\t\t\t\t<div class=\"elementor-widget-container\">\n\t\t\t\t\t\t\t\t\t<p data-start=\"868\" data-end=\"1046\">Die durch uns erstellten Inhalte und Werke auf dieser Website unterliegen dem schweizerischen Urheberrecht. Beitr\u00e4ge Dritter sind als solche gekennzeichnet.<\/p>\t\t\t\t\t\t\t\t<\/div>\n\t\t\t\t<\/div>\n\t\t\t\t\t<\/div>\n\t\t\t\t<\/div>\n\t\t\t\t<\/div>\n\t\t","protected":false},"excerpt":{"rendered":"<p>Impressum Kontakt: gastrokompassc\/o OVP Partner GmbHR\u00fceggsingerstrasse 5CH-6020 Emmenbr\u00fcckeTelefon: +41 41 261 09 09E-Mail: team@gastrokompass.chWeb: www.gastrokompass.ch Vertreten durch: Maurizio Pileggi, Gesch\u00e4ftsinhaber OVP Partner GmbH Haftungsausschuss: Die Inhalte dieser Website wurden mit gr\u00f6sster Sorgfalt erstellt. F\u00fcr die Richtigkeit, Vollst\u00e4ndigkeit und Aktualit\u00e4t der Inhalte \u00fcbernehmen wir jedoch keine Gew\u00e4hr. Urheberrecht: Die durch uns erstellten Inhalte und Werke auf [&hellip;]<\/p>\n","protected":false},"author":1,"featured_media":0,"parent":0,"menu_order":0,"comment_status":"closed","ping_status":"closed","template":"","meta":{"footnotes":""},"class_list":["post-520","page","type-page","status-publish","hentry"],"yoast_head":"<!-- This site is optimized with the Yoast SEO plugin v25.0 - https:\/\/yoast.com\/wordpress\/plugins\/seo\/ -->\n<title>Impressum - Gastrokompass<\/title>\n<meta name=\"robots\" content=\"index, follow, max-snippet:-1, max-image-preview:large, max-video-preview:-1\" \/>\n<link rel=\"canonical\" href=\"https:\/\/gastrokompass.ch\/index.php\/impressum\/\" \/>\n<meta property=\"og:locale\" content=\"de_DE\" \/>\n<meta property=\"og:type\" content=\"article\" \/>\n<meta property=\"og:title\" content=\"Impressum - Gastrokompass\" \/>\n<meta property=\"og:description\" content=\"Impressum Kontakt: gastrokompassc\/o OVP Partner GmbHR\u00fceggsingerstrasse 5CH-6020 Emmenbr\u00fcckeTelefon: +41 41 261 09 09E-Mail: team@gastrokompass.chWeb: www.gastrokompass.ch Vertreten durch: Maurizio Pileggi, Gesch\u00e4ftsinhaber OVP Partner GmbH Haftungsausschuss: Die Inhalte dieser Website wurden mit gr\u00f6sster Sorgfalt erstellt. F\u00fcr die Richtigkeit, Vollst\u00e4ndigkeit und Aktualit\u00e4t der Inhalte \u00fcbernehmen wir jedoch keine Gew\u00e4hr. Urheberrecht: Die durch uns erstellten Inhalte und Werke auf [&hellip;]\" \/>\n<meta property=\"og:url\" content=\"https:\/\/gastrokompass.ch\/index.php\/impressum\/\" \/>\n<meta property=\"og:site_name\" content=\"Gastrokompass\" \/>\n<meta property=\"article:publisher\" content=\"https:\/\/www.facebook.com\/profile.php?id=61573546676815\" \/>\n<meta property=\"article:modified_time\" content=\"2025-05-03T12:14:29+00:00\" \/>\n<meta name=\"twitter:card\" content=\"summary_large_image\" \/>\n<meta name=\"twitter:label1\" content=\"Gesch\u00e4tzte Lesezeit\" \/>\n\t<meta name=\"twitter:data1\" content=\"1\u00a0Minute\" \/>\n<script type=\"application\/ld+json\" class=\"yoast-schema-graph\">{\"@context\":\"https:\/\/schema.org\",\"@graph\":[{\"@type\":\"WebPage\",\"@id\":\"https:\/\/gastrokompass.ch\/index.php\/impressum\/\",\"url\":\"https:\/\/gastrokompass.ch\/index.php\/impressum\/\",\"name\":\"Impressum - Gastrokompass\",\"isPartOf\":{\"@id\":\"https:\/\/gastrokompass.ch\/#website\"},\"datePublished\":\"2025-02-20T18:46:10+00:00\",\"dateModified\":\"2025-05-03T12:14:29+00:00\",\"breadcrumb\":{\"@id\":\"https:\/\/gastrokompass.ch\/index.php\/impressum\/#breadcrumb\"},\"inLanguage\":\"de\",\"potentialAction\":[{\"@type\":\"ReadAction\",\"target\":[\"https:\/\/gastrokompass.ch\/index.php\/impressum\/\"]}]},{\"@type\":\"BreadcrumbList\",\"@id\":\"https:\/\/gastrokompass.ch\/index.php\/impressum\/#breadcrumb\",\"itemListElement\":[{\"@type\":\"ListItem\",\"position\":1,\"name\":\"Startseite\",\"item\":\"https:\/\/gastrokompass.ch\/\"},{\"@type\":\"ListItem\",\"position\":2,\"name\":\"Impressum\"}]},{\"@type\":\"WebSite\",\"@id\":\"https:\/\/gastrokompass.ch\/#website\",\"url\":\"https:\/\/gastrokompass.ch\/\",\"name\":\"gastrokompass\",\"description\":\"Dein Partner auf dem Weg zur erfolgreichen Gastronomie\",\"publisher\":{\"@id\":\"https:\/\/gastrokompass.ch\/#organization\"},\"potentialAction\":[{\"@type\":\"SearchAction\",\"target\":{\"@type\":\"EntryPoint\",\"urlTemplate\":\"https:\/\/gastrokompass.ch\/?s={search_term_string}\"},\"query-input\":{\"@type\":\"PropertyValueSpecification\",\"valueRequired\":true,\"valueName\":\"search_term_string\"}}],\"inLanguage\":\"de\"},{\"@type\":\"Organization\",\"@id\":\"https:\/\/gastrokompass.ch\/#organization\",\"name\":\"gastrokompass\",\"url\":\"https:\/\/gastrokompass.ch\/\",\"logo\":{\"@type\":\"ImageObject\",\"inLanguage\":\"de\",\"@id\":\"https:\/\/gastrokompass.ch\/#\/schema\/logo\/image\/\",\"url\":\"https:\/\/gastrokompass.ch\/wp-content\/uploads\/2025\/02\/Logo-white_homepage.webp\",\"contentUrl\":\"https:\/\/gastrokompass.ch\/wp-content\/uploads\/2025\/02\/Logo-white_homepage.webp\",\"width\":300,\"height\":100,\"caption\":\"gastrokompass\"},\"image\":{\"@id\":\"https:\/\/gastrokompass.ch\/#\/schema\/logo\/image\/\"},\"sameAs\":[\"https:\/\/www.facebook.com\/profile.php?id=61573546676815\"]}]}<\/script>\n<!-- \/ Yoast SEO plugin. -->","yoast_head_json":{"title":"Impressum - Gastrokompass","robots":{"index":"index","follow":"follow","max-snippet":"max-snippet:-1","max-image-preview":"max-image-preview:large","max-video-preview":"max-video-preview:-1"},"canonical":"https:\/\/gastrokompass.ch\/index.php\/impressum\/","og_locale":"de_DE","og_type":"article","og_title":"Impressum - Gastrokompass","og_description":"Impressum Kontakt: gastrokompassc\/o OVP Partner GmbHR\u00fceggsingerstrasse 5CH-6020 Emmenbr\u00fcckeTelefon: +41 41 261 09 09E-Mail: team@gastrokompass.chWeb: www.gastrokompass.ch Vertreten durch: Maurizio Pileggi, Gesch\u00e4ftsinhaber OVP Partner GmbH Haftungsausschuss: Die Inhalte dieser Website wurden mit gr\u00f6sster Sorgfalt erstellt. F\u00fcr die Richtigkeit, Vollst\u00e4ndigkeit und Aktualit\u00e4t der Inhalte \u00fcbernehmen wir jedoch keine Gew\u00e4hr. Urheberrecht: Die durch uns erstellten Inhalte und Werke auf [&hellip;]","og_url":"https:\/\/gastrokompass.ch\/index.php\/impressum\/","og_site_name":"Gastrokompass","article_publisher":"https:\/\/www.facebook.com\/profile.php?id=61573546676815","article_modified_time":"2025-05-03T12:14:29+00:00","twitter_card":"summary_large_image","twitter_misc":{"Gesch\u00e4tzte Lesezeit":"1\u00a0Minute"},"schema":{"@context":"https:\/\/schema.org","@graph":[{"@type":"WebPage","@id":"https:\/\/gastrokompass.ch\/index.php\/impressum\/","url":"https:\/\/gastrokompass.ch\/index.php\/impressum\/","name":"Impressum - Gastrokompass","isPartOf":{"@id":"https:\/\/gastrokompass.ch\/#website"},"datePublished":"2025-02-20T18:46:10+00:00","dateModified":"2025-05-03T12:14:29+00:00","breadcrumb":{"@id":"https:\/\/gastrokompass.ch\/index.php\/impressum\/#breadcrumb"},"inLanguage":"de","potentialAction":[{"@type":"ReadAction","target":["https:\/\/gastrokompass.ch\/index.php\/impressum\/"]}]},{"@type":"BreadcrumbList","@id":"https:\/\/gastrokompass.ch\/index.php\/impressum\/#breadcrumb","itemListElement":[{"@type":"ListItem","position":1,"name":"Startseite","item":"https:\/\/gastrokompass.ch\/"},{"@type":"ListItem","position":2,"name":"Impressum"}]},{"@type":"WebSite","@id":"https:\/\/gastrokompass.ch\/#website","url":"https:\/\/gastrokompass.ch\/","name":"gastrokompass","description":"Dein Partner auf dem Weg zur erfolgreichen Gastronomie","publisher":{"@id":"https:\/\/gastrokompass.ch\/#organization"},"potentialAction":[{"@type":"SearchAction","target":{"@type":"EntryPoint","urlTemplate":"https:\/\/gastrokompass.ch\/?s={search_term_string}"},"query-input":{"@type":"PropertyValueSpecification","valueRequired":true,"valueName":"search_term_string"}}],"inLanguage":"de"},{"@type":"Organization","@id":"https:\/\/gastrokompass.ch\/#organization","name":"gastrokompass","url":"https:\/\/gastrokompass.ch\/","logo":{"@type":"ImageObject","inLanguage":"de","@id":"https:\/\/gastrokompass.ch\/#\/schema\/logo\/image\/","url":"https:\/\/gastrokompass.ch\/wp-content\/uploads\/2025\/02\/Logo-white_homepage.webp","contentUrl":"https:\/\/gastrokompass.ch\/wp-content\/uploads\/2025\/02\/Logo-white_homepage.webp","width":300,"height":100,"caption":"gastrokompass"},"image":{"@id":"https:\/\/gastrokompass.ch\/#\/schema\/logo\/image\/"},"sameAs":["https:\/\/www.facebook.com\/profile.php?id=61573546676815"]}]}},"_links":{"self":[{"href":"https:\/\/gastrokompass.ch\/index.php\/wp-json\/wp\/v2\/pages\/520","targetHints":{"allow":["GET"]}}],"collection":[{"href":"https:\/\/gastrokompass.ch\/index.php\/wp-json\/wp\/v2\/pages"}],"about":[{"href":"https:\/\/gastrokompass.ch\/index.php\/wp-json\/wp\/v2\/types\/page"}],"author":[{"embeddable":true,"href":"https:\/\/gastrokompass.ch\/index.php\/wp-json\/wp\/v2\/users\/1"}],"replies":[{"embeddable":true,"href":"https:\/\/gastrokompass.ch\/index.php\/wp-json\/wp\/v2\/comments?post=520"}],"version-history":[{"count":37,"href":"https:\/\/gastrokompass.ch\/index.php\/wp-json\/wp\/v2\/pages\/520\/revisions"}],"predecessor-version":[{"id":1303,"href":"https:\/\/gastrokompass.ch\/index.php\/wp-json\/wp\/v2\/pages\/520\/revisions\/1303"}],"wp:attachment":[{"href":"https:\/\/gastrokompass.ch\/index.php\/wp-json\/wp\/v2\/media?parent=520"}],"curies":[{"name":"wp","href":"https:\/\/api.w.org\/{rel}","templated":true}]}}

<div data-elementor-type="wp-page" data-elementor-id="520" class="elementor elementor-520" data-elementor-post-type="page">
				<div class="elementor-element elementor-element-c35bd03 e-flex e-con-boxed e-con e-parent" data-id="c35bd03" data-element_type="container">
					<div class="e-con-inner">
				<div class="elementor-element elementor-element-4fb0621 elementor-widget elementor-widget-heading" data-id="4fb0621" data-element_type="widget" data-widget_type="heading.default">
				<div class="elementor-widget-container">
					<h1 class="elementor-heading-title elementor-size-default">Impressum</h1>				</div>
				</div>
					</div>
				</div>
		<div class="elementor-element elementor-element-2c6e661 e-flex e-con-boxed e-con e-parent" data-id="2c6e661" data-element_type="container">
					<div class="e-con-inner">
				<div class="elementor-element elementor-element-08e3964 elementor-widget elementor-widget-heading" data-id="08e3964" data-element_type="widget" data-widget_type="heading.default">
				<div class="elementor-widget-container">
					<h2 class="elementor-heading-title elementor-size-default">Kontakt:</h2>				</div>
				</div>
				<div class="elementor-element elementor-element-0a3dc19 elementor-widget elementor-widget-text-editor" data-id="0a3dc19" data-element_type="widget" data-widget_type="text-editor.default">
				<div class="elementor-widget-container">
									<p><strong><span style="color: #c2a671;">gastrokompass</span></strong><br />c/o OVP Partner GmbH<br />Rüeggsingerstrasse 5<br />CH-6020 Emmenbrücke<br />Telefon: +41 41 261 09 09<br />E-Mail: team@gastrokompass.ch<br />Web: www.gastrokompass.ch</p><p><b>Vertreten durch:</b></p><p>Maurizio Pileggi, Geschäftsinhaber OVP Partner GmbH</p>								</div>
				</div>
				<div class="elementor-element elementor-element-ced7265 elementor-widget elementor-widget-heading" data-id="ced7265" data-element_type="widget" data-widget_type="heading.default">
				<div class="elementor-widget-container">
					<h2 class="elementor-heading-title elementor-size-default">Haftungsausschuss:</h2>				</div>
				</div>
				<div class="elementor-element elementor-element-6a81392 elementor-widget elementor-widget-text-editor" data-id="6a81392" data-element_type="widget" data-widget_type="text-editor.default">
				<div class="elementor-widget-container">
									<p>Die Inhalte dieser Website wurden mit grösster Sorgfalt erstellt. Für die Richtigkeit, Vollständigkeit und Aktualität der Inhalte übernehmen wir jedoch keine Gewähr.</p>								</div>
				</div>
				<div class="elementor-element elementor-element-79a8bf9 elementor-widget elementor-widget-heading" data-id="79a8bf9" data-element_type="widget" data-widget_type="heading.default">
				<div class="elementor-widget-container">
					<h2 class="elementor-heading-title elementor-size-default">Urheberrecht:</h2>				</div>
				</div>
				<div class="elementor-element elementor-element-b7d55be elementor-widget elementor-widget-text-editor" data-id="b7d55be" data-element_type="widget" data-widget_type="text-editor.default">
				<div class="elementor-widget-container">
									<p data-start="868" data-end="1046">Die durch uns erstellten Inhalte und Werke auf dieser Website unterliegen dem schweizerischen Urheberrecht. Beiträge Dritter sind als solche gekennzeichnet.</p>								</div>
				</div>
					</div>
				</div>
				</div>

<p>Impressum Kontakt: gastrokompassc/o OVP Partner GmbHRüeggsingerstrasse 5CH-6020 EmmenbrückeTelefon: +41 41 261 09 09E-Mail: team@gastrokompass.chWeb: www.gastrokompass.ch Vertreten durch: Maurizio Pileggi, Geschäftsinhaber OVP Partner GmbH Haftungsausschuss: Die Inhalte dieser Website wurden mit grösster Sorgfalt erstellt. Für die Richtigkeit, Vollständigkeit und Aktualität der Inhalte übernehmen wir jedoch keine Gewähr. Urheberrecht: Die durch uns erstellten Inhalte und Werke auf [&hellip;]</p>

<!-- This site is optimized with the Yoast SEO plugin v25.0 - https://yoast.com/wordpress/plugins/seo/ -->
<title>Impressum - Gastrokompass</title>
<meta name="robots" content="index, follow, max-snippet:-1, max-image-preview:large, max-video-preview:-1" />
<link rel="canonical" href="https://gastrokompass.ch/index.php/impressum/" />
<meta property="og:locale" content="de_DE" />
<meta property="og:type" content="article" />
<meta property="og:title" content="Impressum - Gastrokompass" />
<meta property="og:description" content="Impressum Kontakt: gastrokompassc/o OVP Partner GmbHRüeggsingerstrasse 5CH-6020 EmmenbrückeTelefon: +41 41 261 09 09E-Mail: team@gastrokompass.chWeb: www.gastrokompass.ch Vertreten durch: Maurizio Pileggi, Geschäftsinhaber OVP Partner GmbH Haftungsausschuss: Die Inhalte dieser Website wurden mit grösster Sorgfalt erstellt. Für die Richtigkeit, Vollständigkeit und Aktualität der Inhalte übernehmen wir jedoch keine Gewähr. Urheberrecht: Die durch uns erstellten Inhalte und Werke auf [&hellip;]" />
<meta property="og:url" content="https://gastrokompass.ch/index.php/impressum/" />
<meta property="og:site_name" content="Gastrokompass" />
<meta property="article:publisher" content="https://www.facebook.com/profile.php?id=61573546676815" />
<meta property="article:modified_time" content="2025-05-03T12:14:29+00:00" />
<meta name="twitter:card" content="summary_large_image" />
<meta name="twitter:label1" content="Geschätzte Lesezeit" />
	<meta name="twitter:data1" content="1 Minute" />
<script type="application/ld+json" class="yoast-schema-graph">{"@context":"https://schema.org","@graph":[{"@type":"WebPage","@id":"https://gastrokompass.ch/index.php/impressum/","url":"https://gastrokompass.ch/index.php/impressum/","name":"Impressum - Gastrokompass","isPartOf":{"@id":"https://gastrokompass.ch/#website"},"datePublished":"2025-02-20T18:46:10+00:00","dateModified":"2025-05-03T12:14:29+00:00","breadcrumb":{"@id":"https://gastrokompass.ch/index.php/impressum/#breadcrumb"},"inLanguage":"de","potentialAction":[{"@type":"ReadAction","target":["https://gastrokompass.ch/index.php/impressum/"]}]},{"@type":"BreadcrumbList","@id":"https://gastrokompass.ch/index.php/impressum/#breadcrumb","itemListElement":[{"@type":"ListItem","position":1,"name":"Startseite","item":"https://gastrokompass.ch/"},{"@type":"ListItem","position":2,"name":"Impressum"}]},{"@type":"WebSite","@id":"https://gastrokompass.ch/#website","url":"https://gastrokompass.ch/","name":"gastrokompass","description":"Dein Partner auf dem Weg zur erfolgreichen Gastronomie","publisher":{"@id":"https://gastrokompass.ch/#organization"},"potentialAction":[{"@type":"SearchAction","target":{"@type":"EntryPoint","urlTemplate":"https://gastrokompass.ch/?s={search_term_string}"},"query-input":{"@type":"PropertyValueSpecification","valueRequired":true,"valueName":"search_term_string"}}],"inLanguage":"de"},{"@type":"Organization","@id":"https://gastrokompass.ch/#organization","name":"gastrokompass","url":"https://gastrokompass.ch/","logo":{"@type":"ImageObject","inLanguage":"de","@id":"https://gastrokompass.ch/#/schema/logo/image/","url":"https://gastrokompass.ch/wp-content/uploads/2025/02/Logo-white_homepage.webp","contentUrl":"https://gastrokompass.ch/wp-content/uploads/2025/02/Logo-white_homepage.webp","width":300,"height":100,"caption":"gastrokompass"},"image":{"@id":"https://gastrokompass.ch/#/schema/logo/image/"},"sameAs":["https://www.facebook.com/profile.php?id=61573546676815"]}]}</script>
<!-- / Yoast SEO plugin. -->

Impressum Kontakt: gastrokompassc/o OVP Partner GmbHRüeggsingerstrasse 5CH-6020 EmmenbrückeTelefon: +41 41 261 09 09E-Mail: team@gastrokompass.chWeb: www.gastrokompass.ch Vertreten durch: Maurizio Pileggi, Geschäftsinhaber OVP Partner GmbH Haftungsausschuss: Die Inhalte dieser Website wurden mit grösster Sorgfalt erstellt. Für die Richtigkeit, Vollständigkeit und Aktualität der Inhalte übernehmen wir jedoch keine Gewähr. Urheberrecht: Die durch uns erstellten Inhalte und Werke auf [&hellip;]
