{"id":191,"date":"2025-02-05T16:53:03","date_gmt":"2025-02-05T16:53:03","guid":{"rendered":"https:\/\/gastrokompass.ch\/index.php\/about-3\/"},"modified":"2025-05-05T19:53:11","modified_gmt":"2025-05-05T19:53:11","slug":"ueber-uns","status":"publish","type":"page","link":"https:\/\/gastrokompass.ch\/index.php\/ueber-uns\/","title":{"rendered":"\u00dcber uns"},"content":{"rendered":"\t\t<div data-elementor-type=\"wp-page\" data-elementor-id=\"191\" class=\"elementor elementor-191\" data-elementor-post-type=\"page\">\n\t\t\t\t<div class=\"elementor-element elementor-element-68779ee e-flex e-con-boxed e-con e-parent\" data-id=\"68779ee\" data-element_type=\"container\">\n\t\t\t\t\t<div class=\"e-con-inner\">\n\t\t<div class=\"elementor-element elementor-element-3dbceb2 e-con-full e-flex e-con e-child\" data-id=\"3dbceb2\" data-element_type=\"container\">\n\t\t\t\t<div class=\"elementor-element elementor-element-e41f139 elementor-widget elementor-widget-image\" data-id=\"e41f139\" data-element_type=\"widget\" data-widget_type=\"image.default\">\n\t\t\t\t<div class=\"elementor-widget-container\">\n\t\t\t\t\t\t\t\t\t\t\t\t\t\t\t<img fetchpriority=\"high\" decoding=\"async\" width=\"800\" height=\"800\" src=\"https:\/\/gastrokompass.ch\/wp-content\/uploads\/2025\/05\/Team-min-1024x1024.webp\" class=\"attachment-large size-large wp-image-1099 not-transparent\" alt=\"Eine Gruppe von vier Personen in einem Restaurant. Zwei Personen tragen gr\u00fcne Anz\u00fcge und halten Notizb\u00fccher, eine Person tr\u00e4gt eine Sch\u00fcrze und h\u00e4lt ein Smartphone, und eine Person sitzt an einem Tisch und arbeitet an einem Laptop. Personal &amp; Administration Gastronomie\" srcset=\"https:\/\/gastrokompass.ch\/wp-content\/uploads\/2025\/05\/Team-min-1024x1024.webp 1024w, https:\/\/gastrokompass.ch\/wp-content\/uploads\/2025\/05\/Team-min-300x300.webp 300w, https:\/\/gastrokompass.ch\/wp-content\/uploads\/2025\/05\/Team-min-150x150.webp 150w, https:\/\/gastrokompass.ch\/wp-content\/uploads\/2025\/05\/Team-min-768x768.webp 768w, https:\/\/gastrokompass.ch\/wp-content\/uploads\/2025\/05\/Team-min-1536x1536.webp 1536w, https:\/\/gastrokompass.ch\/wp-content\/uploads\/2025\/05\/Team-min.webp 2048w\" sizes=\"(max-width: 800px) 100vw, 800px\" data-has-transparency=\"false\" data-dominant-color=\"413e31\" style=\"--dominant-color: #413e31\" \/>\t\t\t\t\t\t\t\t\t\t\t\t\t\t\t<\/div>\n\t\t\t\t<\/div>\n\t\t\t\t<\/div>\n\t\t<div class=\"elementor-element elementor-element-b1d715c e-con-full e-flex e-con e-child\" data-id=\"b1d715c\" data-element_type=\"container\">\n\t\t\t\t<div class=\"elementor-element elementor-element-82eb8d9 elementor-widget elementor-widget-heading\" data-id=\"82eb8d9\" data-element_type=\"widget\" data-widget_type=\"heading.default\">\n\t\t\t\t<div class=\"elementor-widget-container\">\n\t\t\t\t\t<h3 class=\"elementor-heading-title elementor-size-default\">Ihr Wegbegleiter f\u00fcr Ihre erfolgreiche Gastronomie<\/h3>\t\t\t\t<\/div>\n\t\t\t\t<\/div>\n\t\t\t\t<div class=\"elementor-element elementor-element-04e9fa1 elementor-widget elementor-widget-text-editor\" data-id=\"04e9fa1\" data-element_type=\"widget\" data-widget_type=\"text-editor.default\">\n\t\t\t\t<div class=\"elementor-widget-container\">\n\t\t\t\t\t\t\t\t\t<p><span style=\"font-weight: 400;\">Wir wissen, dass die Gastronomiebranche Leidenschaft und harte Arbeit erfordert. Unser Team aus erfahrenen Experten unterst\u00fctzt Sie dabei, Ihren Traum vom eigenen Restaurant zu verwirklichen \u2013 von der ersten Idee bis zum laufenden Betrieb.<\/span><\/p><p><span style=\"font-weight: 400;\">Wir vereinen Fachwissen in Treuhand, Import\/Export, Versicherung, Finanzen und Marketing.<\/span><\/p><p><span style=\"font-weight: 400;\">Mit unserer jahrelangen Erfahrung und unserem starken Netzwerk in der Gastronomiebranche stehen wir Ihnen kompetent, praxisnah und zuverl\u00e4ssig zur Seite. Kontaktieren Sie uns noch heute f\u00fcr ein kostenloses Beratungsgespr\u00e4ch und lassen Sie uns gemeinsam Ihren Traum vom eigenen Restaurant verwirklichen!<\/span><\/p>\t\t\t\t\t\t\t\t<\/div>\n\t\t\t\t<\/div>\n\t\t\t\t<\/div>\n\t\t\t\t\t<\/div>\n\t\t\t\t<\/div>\n\t\t\t\t<\/div>\n\t\t","protected":false},"excerpt":{"rendered":"<p>Ihr Wegbegleiter f\u00fcr Ihre erfolgreiche Gastronomie Wir wissen, dass die Gastronomiebranche Leidenschaft und harte Arbeit erfordert. Unser Team aus erfahrenen Experten unterst\u00fctzt Sie dabei, Ihren Traum vom eigenen Restaurant zu verwirklichen \u2013 von der ersten Idee bis zum laufenden Betrieb. Wir vereinen Fachwissen in Treuhand, Import\/Export, Versicherung, Finanzen und Marketing. Mit unserer jahrelangen Erfahrung und [&hellip;]<\/p>\n","protected":false},"author":1,"featured_media":0,"parent":0,"menu_order":0,"comment_status":"closed","ping_status":"closed","template":"","meta":{"footnotes":""},"class_list":["post-191","page","type-page","status-publish","hentry"],"yoast_head":"<!-- This site is optimized with the Yoast SEO plugin v25.0 - https:\/\/yoast.com\/wordpress\/plugins\/seo\/ -->\n<title>Ihr Partner f\u00fcr den Traum vom eigenen Restaurant | gastrokompass<\/title>\n<meta name=\"description\" content=\"Experten unterst\u00fctzen Sie, Ihren Traum vom eigenen Restaurant zu verwirklichen \u2013 von der ersten Idee bis zum laufenden Betrieb.\" \/>\n<meta name=\"robots\" content=\"index, follow, max-snippet:-1, max-image-preview:large, max-video-preview:-1\" \/>\n<link rel=\"canonical\" href=\"https:\/\/gastrokompass.ch\/index.php\/ueber-uns\/\" \/>\n<meta property=\"og:locale\" content=\"de_DE\" \/>\n<meta property=\"og:type\" content=\"article\" \/>\n<meta property=\"og:title\" content=\"Ihr Partner f\u00fcr den Traum vom eigenen Restaurant | gastrokompass\" \/>\n<meta property=\"og:description\" content=\"Experten unterst\u00fctzen Sie, Ihren Traum vom eigenen Restaurant zu verwirklichen \u2013 von der ersten Idee bis zum laufenden Betrieb.\" \/>\n<meta property=\"og:url\" content=\"https:\/\/gastrokompass.ch\/index.php\/ueber-uns\/\" \/>\n<meta property=\"og:site_name\" content=\"Gastrokompass\" \/>\n<meta property=\"article:publisher\" content=\"https:\/\/www.facebook.com\/profile.php?id=61573546676815\" \/>\n<meta property=\"article:modified_time\" content=\"2025-05-05T19:53:11+00:00\" \/>\n<meta property=\"og:image\" content=\"https:\/\/gastrokompass.ch\/wp-content\/uploads\/2025\/05\/Team-min-1024x1024.webp\" \/>\n<meta name=\"twitter:card\" content=\"summary_large_image\" \/>\n<meta name=\"twitter:label1\" content=\"Gesch\u00e4tzte Lesezeit\" \/>\n\t<meta name=\"twitter:data1\" content=\"1\u00a0Minute\" \/>\n<script type=\"application\/ld+json\" class=\"yoast-schema-graph\">{\"@context\":\"https:\/\/schema.org\",\"@graph\":[{\"@type\":\"WebPage\",\"@id\":\"https:\/\/gastrokompass.ch\/index.php\/ueber-uns\/\",\"url\":\"https:\/\/gastrokompass.ch\/index.php\/ueber-uns\/\",\"name\":\"Ihr Partner f\u00fcr den Traum vom eigenen Restaurant | gastrokompass\",\"isPartOf\":{\"@id\":\"https:\/\/gastrokompass.ch\/#website\"},\"primaryImageOfPage\":{\"@id\":\"https:\/\/gastrokompass.ch\/index.php\/ueber-uns\/#primaryimage\"},\"image\":{\"@id\":\"https:\/\/gastrokompass.ch\/index.php\/ueber-uns\/#primaryimage\"},\"thumbnailUrl\":\"https:\/\/gastrokompass.ch\/wp-content\/uploads\/2025\/05\/Team-min-1024x1024.webp\",\"datePublished\":\"2025-02-05T16:53:03+00:00\",\"dateModified\":\"2025-05-05T19:53:11+00:00\",\"description\":\"Experten unterst\u00fctzen Sie, Ihren Traum vom eigenen Restaurant zu verwirklichen \u2013 von der ersten Idee bis zum laufenden Betrieb.\",\"breadcrumb\":{\"@id\":\"https:\/\/gastrokompass.ch\/index.php\/ueber-uns\/#breadcrumb\"},\"inLanguage\":\"de\",\"potentialAction\":[{\"@type\":\"ReadAction\",\"target\":[\"https:\/\/gastrokompass.ch\/index.php\/ueber-uns\/\"]}]},{\"@type\":\"ImageObject\",\"inLanguage\":\"de\",\"@id\":\"https:\/\/gastrokompass.ch\/index.php\/ueber-uns\/#primaryimage\",\"url\":\"https:\/\/gastrokompass.ch\/wp-content\/uploads\/2025\/05\/Team-min.webp\",\"contentUrl\":\"https:\/\/gastrokompass.ch\/wp-content\/uploads\/2025\/05\/Team-min.webp\",\"width\":2048,\"height\":2048,\"caption\":\"Mitarbeiterbesprechung im Restaurant\"},{\"@type\":\"BreadcrumbList\",\"@id\":\"https:\/\/gastrokompass.ch\/index.php\/ueber-uns\/#breadcrumb\",\"itemListElement\":[{\"@type\":\"ListItem\",\"position\":1,\"name\":\"Startseite\",\"item\":\"https:\/\/gastrokompass.ch\/\"},{\"@type\":\"ListItem\",\"position\":2,\"name\":\"\u00dcber uns\"}]},{\"@type\":\"WebSite\",\"@id\":\"https:\/\/gastrokompass.ch\/#website\",\"url\":\"https:\/\/gastrokompass.ch\/\",\"name\":\"gastrokompass\",\"description\":\"Dein Partner auf dem Weg zur erfolgreichen Gastronomie\",\"publisher\":{\"@id\":\"https:\/\/gastrokompass.ch\/#organization\"},\"potentialAction\":[{\"@type\":\"SearchAction\",\"target\":{\"@type\":\"EntryPoint\",\"urlTemplate\":\"https:\/\/gastrokompass.ch\/?s={search_term_string}\"},\"query-input\":{\"@type\":\"PropertyValueSpecification\",\"valueRequired\":true,\"valueName\":\"search_term_string\"}}],\"inLanguage\":\"de\"},{\"@type\":\"Organization\",\"@id\":\"https:\/\/gastrokompass.ch\/#organization\",\"name\":\"gastrokompass\",\"url\":\"https:\/\/gastrokompass.ch\/\",\"logo\":{\"@type\":\"ImageObject\",\"inLanguage\":\"de\",\"@id\":\"https:\/\/gastrokompass.ch\/#\/schema\/logo\/image\/\",\"url\":\"https:\/\/gastrokompass.ch\/wp-content\/uploads\/2025\/02\/Logo-white_homepage.webp\",\"contentUrl\":\"https:\/\/gastrokompass.ch\/wp-content\/uploads\/2025\/02\/Logo-white_homepage.webp\",\"width\":300,\"height\":100,\"caption\":\"gastrokompass\"},\"image\":{\"@id\":\"https:\/\/gastrokompass.ch\/#\/schema\/logo\/image\/\"},\"sameAs\":[\"https:\/\/www.facebook.com\/profile.php?id=61573546676815\"]}]}<\/script>\n<!-- \/ Yoast SEO plugin. -->","yoast_head_json":{"title":"Ihr Partner f\u00fcr den Traum vom eigenen Restaurant | gastrokompass","description":"Experten unterst\u00fctzen Sie, Ihren Traum vom eigenen Restaurant zu verwirklichen \u2013 von der ersten Idee bis zum laufenden Betrieb.","robots":{"index":"index","follow":"follow","max-snippet":"max-snippet:-1","max-image-preview":"max-image-preview:large","max-video-preview":"max-video-preview:-1"},"canonical":"https:\/\/gastrokompass.ch\/index.php\/ueber-uns\/","og_locale":"de_DE","og_type":"article","og_title":"Ihr Partner f\u00fcr den Traum vom eigenen Restaurant | gastrokompass","og_description":"Experten unterst\u00fctzen Sie, Ihren Traum vom eigenen Restaurant zu verwirklichen \u2013 von der ersten Idee bis zum laufenden Betrieb.","og_url":"https:\/\/gastrokompass.ch\/index.php\/ueber-uns\/","og_site_name":"Gastrokompass","article_publisher":"https:\/\/www.facebook.com\/profile.php?id=61573546676815","article_modified_time":"2025-05-05T19:53:11+00:00","og_image":[{"url":"https:\/\/gastrokompass.ch\/wp-content\/uploads\/2025\/05\/Team-min-1024x1024.webp","type":"","width":"","height":""}],"twitter_card":"summary_large_image","twitter_misc":{"Gesch\u00e4tzte Lesezeit":"1\u00a0Minute"},"schema":{"@context":"https:\/\/schema.org","@graph":[{"@type":"WebPage","@id":"https:\/\/gastrokompass.ch\/index.php\/ueber-uns\/","url":"https:\/\/gastrokompass.ch\/index.php\/ueber-uns\/","name":"Ihr Partner f\u00fcr den Traum vom eigenen Restaurant | gastrokompass","isPartOf":{"@id":"https:\/\/gastrokompass.ch\/#website"},"primaryImageOfPage":{"@id":"https:\/\/gastrokompass.ch\/index.php\/ueber-uns\/#primaryimage"},"image":{"@id":"https:\/\/gastrokompass.ch\/index.php\/ueber-uns\/#primaryimage"},"thumbnailUrl":"https:\/\/gastrokompass.ch\/wp-content\/uploads\/2025\/05\/Team-min-1024x1024.webp","datePublished":"2025-02-05T16:53:03+00:00","dateModified":"2025-05-05T19:53:11+00:00","description":"Experten unterst\u00fctzen Sie, Ihren Traum vom eigenen Restaurant zu verwirklichen \u2013 von der ersten Idee bis zum laufenden Betrieb.","breadcrumb":{"@id":"https:\/\/gastrokompass.ch\/index.php\/ueber-uns\/#breadcrumb"},"inLanguage":"de","potentialAction":[{"@type":"ReadAction","target":["https:\/\/gastrokompass.ch\/index.php\/ueber-uns\/"]}]},{"@type":"ImageObject","inLanguage":"de","@id":"https:\/\/gastrokompass.ch\/index.php\/ueber-uns\/#primaryimage","url":"https:\/\/gastrokompass.ch\/wp-content\/uploads\/2025\/05\/Team-min.webp","contentUrl":"https:\/\/gastrokompass.ch\/wp-content\/uploads\/2025\/05\/Team-min.webp","width":2048,"height":2048,"caption":"Mitarbeiterbesprechung im Restaurant"},{"@type":"BreadcrumbList","@id":"https:\/\/gastrokompass.ch\/index.php\/ueber-uns\/#breadcrumb","itemListElement":[{"@type":"ListItem","position":1,"name":"Startseite","item":"https:\/\/gastrokompass.ch\/"},{"@type":"ListItem","position":2,"name":"\u00dcber uns"}]},{"@type":"WebSite","@id":"https:\/\/gastrokompass.ch\/#website","url":"https:\/\/gastrokompass.ch\/","name":"gastrokompass","description":"Dein Partner auf dem Weg zur erfolgreichen Gastronomie","publisher":{"@id":"https:\/\/gastrokompass.ch\/#organization"},"potentialAction":[{"@type":"SearchAction","target":{"@type":"EntryPoint","urlTemplate":"https:\/\/gastrokompass.ch\/?s={search_term_string}"},"query-input":{"@type":"PropertyValueSpecification","valueRequired":true,"valueName":"search_term_string"}}],"inLanguage":"de"},{"@type":"Organization","@id":"https:\/\/gastrokompass.ch\/#organization","name":"gastrokompass","url":"https:\/\/gastrokompass.ch\/","logo":{"@type":"ImageObject","inLanguage":"de","@id":"https:\/\/gastrokompass.ch\/#\/schema\/logo\/image\/","url":"https:\/\/gastrokompass.ch\/wp-content\/uploads\/2025\/02\/Logo-white_homepage.webp","contentUrl":"https:\/\/gastrokompass.ch\/wp-content\/uploads\/2025\/02\/Logo-white_homepage.webp","width":300,"height":100,"caption":"gastrokompass"},"image":{"@id":"https:\/\/gastrokompass.ch\/#\/schema\/logo\/image\/"},"sameAs":["https:\/\/www.facebook.com\/profile.php?id=61573546676815"]}]}},"_links":{"self":[{"href":"https:\/\/gastrokompass.ch\/index.php\/wp-json\/wp\/v2\/pages\/191","targetHints":{"allow":["GET"]}}],"collection":[{"href":"https:\/\/gastrokompass.ch\/index.php\/wp-json\/wp\/v2\/pages"}],"about":[{"href":"https:\/\/gastrokompass.ch\/index.php\/wp-json\/wp\/v2\/types\/page"}],"author":[{"embeddable":true,"href":"https:\/\/gastrokompass.ch\/index.php\/wp-json\/wp\/v2\/users\/1"}],"replies":[{"embeddable":true,"href":"https:\/\/gastrokompass.ch\/index.php\/wp-json\/wp\/v2\/comments?post=191"}],"version-history":[{"count":67,"href":"https:\/\/gastrokompass.ch\/index.php\/wp-json\/wp\/v2\/pages\/191\/revisions"}],"predecessor-version":[{"id":1449,"href":"https:\/\/gastrokompass.ch\/index.php\/wp-json\/wp\/v2\/pages\/191\/revisions\/1449"}],"wp:attachment":[{"href":"https:\/\/gastrokompass.ch\/index.php\/wp-json\/wp\/v2\/media?parent=191"}],"curies":[{"name":"wp","href":"https:\/\/api.w.org\/{rel}","templated":true}]}}